 + 3*o - 23 = 7*o. List the prime factors of z.
3
List the prime factors of (4/10)/((-10)/(-2250)).
2, 3, 5
Let b(p) be the second derivative of -p**5/20 - p**4/2 + p**3 - 3*p**2/2 - 3*p. Let d be b(-7). Suppose -d*i + 26 = -2*i. What are the prime factors of i?
13
Let c(a) = a**2 - a. List the prime factors of c(-5).
2, 3, 5
Let m = 14 - 3. List the prime factors of m.
11
Let l(z) = z**3 - 9*z**2 + 14*z - 20. Suppose 3*k + 12 = -j + 39, 5*j = -5*k + 55. What are the prime factors of l(k)?
2, 7
Let u = 43 - 30. List the prime factors of u.
13
What are the prime factors of 3/(-15) - 1612/(-10)?
7, 23
Let s = 259 + -133. What are the prime factors of s?
2, 3, 7
Let m be 1/5 - 234/(-30). What are the prime factors of 0 + 1 + m + -7?
2
What are the prime factors of 1694/35 - (-2)/(-5)?
2, 3
Let b(u) = 6*u + 1. Let k be b(2). Let i = -9 + k. Suppose 3*l - i = 2*l. What are the prime factors of l?
2
Let g = 3 - 0. Suppose 2 = v - g. Suppose -s + 10 = -v. List the prime factors of s.
3, 5
Suppose -3*k - 9 = -4*h - 4*k, -2*h + 3 = -k. Let r be 1/h - 3/(-2). What are the prime factors of -1*(r + 9)*-1?
11
Let z be (0*(-3)/(-3))/(-1). Suppose -2*u + z*u + 4 = 3*v, 4*v - 4*u = -8. List the prime factors of (1 + v)*3 + -1.
2
Let j = 9 - 4. Suppose j*k - 41 - 14 = 0. List the prime factors of k.
11
Suppose 0*m - 19 = -2*n - 3*m, 0 = -3*n + m + 12. Suppose -2*p + 4 = n*l - 18, 2*l = 5*p + 3. What are the prime factors of l?
2
Let h = -2 + -4. List the prime factors of -5*6/15*h.
2, 3
Let p = -89 + 173. Suppose p = -2*a + 5*a. List the prime factors of a.
2, 7
Let k = -11 - -58. List the prime factors of k.
47
What are the prime factors of 68 + 0 + (-3)/(-1)?
71
Suppose 5*y - 275 = -5*m, 4*y = 3*m + m + 204. Suppose -3*r - 17 = -y. Let z = r - 3. What are the prime factors of z?
3
Suppose -4*o - p + 25 = 0, 2*o + 2*p - 3 = 17. Suppose 0 = -o*l + 5*s + 45, -1 + 8 = l - 3*s. What are the prime factors of l?
2, 5
Let q be -1 + (-3)/((-9)/42). Let w = -8 + q. Let n(b) = b - 2. What are the prime factors of n(w)?
3
Suppose 2*k = 3*k - 3. Suppose 2*s = -k*s - 80. Let u = -5 - s. What are the prime factors of u?
11
Let i(c) be the first derivative of -c**4/24 + 2*c**3/3 + 3*c**2/2 - 3. Let t(h) be the second derivative of i(h). List the prime factors of t(-6).
2, 5
Suppose -3*z = -2*r - 406, -3*r + 515 - 104 = 3*z. What are the prime factors of z?
2, 17
What are the prime factors of 7/21 - 116/(-3)?
3, 13
Suppose 0 = -h - 3*h. Suppose -3*d = -5*v + 94, 5*v + 0*v - d - 88 = h. What are the prime factors of v?
17
Let k be (-1)/(0 - (-3)/(-81)). Suppose -4*l + k = 5*f, -f + 33 = 4*l - 2*f. Suppose 2*d - l = d. List the prime factors of d.
2
What are the prime factors of (-6 + -1)/((-1)/5)?
5, 7
Suppose -2*n + n - 3*b = -50, 5*b - 250 = -5*n. What are the prime factors of n?
2, 5
Let b(u) = 5*u + 31. List the prime factors of b(8).
71
Let v(d) = -2 + 2 + 3 - 11*d. What are the prime factors of v(-1)?
2, 7
Let x(l) = -6*l**3 + 2*l**2 - 2*l + 7*l**3 + 3*l**2 - l - 5. What are the prime factors of x(-5)?
2, 5
Let y be (3 + -3)/((-4)/(-2)). Suppose 3*g + 0*g = 12, y = -i - 3*g + 8. What are the prime factors of (18/i)/((-6)/16)?
2, 3
Let s = 2 - 2. Suppose j + s*j = 0. Suppose q + q - 24 = j. List the prime factors of q.
2, 3
Let k = -68 - -180. What are the prime factors of k?
2, 7
Let m(h) = 14*h**2 + h. Suppose 2*x - 8 = 0, -r = -0*r - 3*x + 6. Let c = 5 - r. What are the prime factors of m(c)?
13
Let l(f) = -f + 2. Let v be l(-6). Suppose 3*a + v = 50. List the prime factors of (1 - 2)/((-2)/a).
7
Suppose -193 = -5*k - 43. What are the prime factors of k?
2, 3, 5
Suppose 2*y = r + 102, 52 + 56 = 2*y - 4*r. What are the prime factors of y?
2, 5
Let x(s) = 35*s**3 + s**2 + s - 1. Suppose g + 19 = -0*g - 4*p, -3*p = 4*g + 11. List the prime factors of x(g).
2, 3
Let x(z) = -z + 16. Let f be x(16). Let m(p) = -2*p + 17. What are the prime factors of m(f)?
17
Let k be (4/(-6))/((-13)/(-117)). List the prime factors of -3*(20/k + 1).
7
Suppose 12 = 4*d, p - 68 - 4 = -5*d. List the prime factors of p.
3, 19
Let w(l) = l**3 - 6*l**2 - 4*l + 4. Let o be w(6). Let k = -76 + 34. Let d = o - k. List the prime factors of d.
2, 11
Let m be ((-20)/6)/((-2)/6). Let k = m + -7. List the prime factors of k.
3
Let y = 12 - 9. Suppose 0*o - 12 = -y*o. List the prime factors of o.
2
Let d(x) = -x**2 - 13*x - 17. List the prime factors of d(-8).
23
Let x(f) = f**3 + f**2 - f + 2. Let y be x(-2). Suppose -12 = -y*r + 3*r. Let q = 3 - r. List the prime factors of q.
7
List the prime factors of (-250)/(-15)*(0 + (-24)/(-5)).
2, 5
Suppose -116 = -4*s - 0*s. What are the prime factors of s?
29
Let v be (-3)/(18/(-15))*-2. List the prime factors of ((-18)/5)/(1/v).
2, 3
Let g be 1*-14*1/(-2). Suppose g*l = 3*l + 32. List the prime factors of (l/10)/((-4)/(-50)).
2, 5
Let c = 0 - 4. Let u be (-4)/16 + (-17)/c. Suppose -2*z + 18 = o - 11, -u*z = 4*o - 64. What are the prime factors of z?
13
List the prime factors of 10/(1 - 1/3).
3, 5
Suppose 5*m - 389 = 6. What are the prime factors of m?
79
Suppose 3*p = 1 - 7, -2*d = 3*p - 132. List the prime factors of d.
3, 23
List the prime factors of 303*(-3 + (-20)/(-6)).
101
Let k(z) = z**3 - 18*z**2 - 10*z + 44. What are the prime factors of k(19)?
5, 43
Let g(z) = 2*z**3 + 2*z**2 - 2*z - 9. What are the prime factors of g(4)?
11, 13
Let a(n) be the second derivative of n**5/60 + n**4/24 + n**3/2 + 3*n**2/2 - n. Let v(j) be the first derivative of a(j). List the prime factors of v(0).
3
Let d(w) = -w**3 - 7*w**2 + 5*w - 7. Let r(y) = -y**3 - 8*y**2 + 6*y - 7. Let c(g) = -3*d(g) + 2*r(g). What are the prime factors of c(-5)?
2, 11
Suppose 2*d - 1 = 39. List the prime factors of d.
2, 5
Let p = -10 + 4. Let n(g) = -2*g. What are the prime factors of n(p)?
2, 3
Suppose 0*a - k = a + 6, -3*k + 14 = -5*a. Let o be (a/(-4))/(2/8). Let l = 3 + o. List the prime factors of l.
7
Let b(u) = u**2 + 1. What are the prime factors of b(-6)?
37
List the prime factors of 2/(-6)*-6*13.
2, 13
Let v = 21 + -35. What are the prime factors of (-49)/v - 1/(-2)?
2
Suppose 0 = -6*i + 407 + 139. What are the prime factors of i?
7, 13
Let x(h) = h**3 - 6*h**2 + 7*h - 3. Let f be x(5). Suppose f = -2*r + 5*m, -r - 2*m + 34 = 3*m. Suppose 2*k - 5 = r. List the prime factors of k.
7
Suppose 3 = 4*b - 29. Suppose -2*k = -40 + b. What are the prime factors of k?
2
Let g be ((-3)/3)/((-2)/70). Suppose -3*v - 27 = -q, 5*v - g = -4*q - q. What are the prime factors of q?
2, 3
Suppose -3*w + 22 = -4*u - 21, -u = -3*w + 22. What are the prime factors of u*(-2 - (-24)/21)?
2, 3
Let t be (-2 + 1)/(-1)*0. Suppose -3*m + 6*m = t. Suppose 7 = -m*j + j. List the prime factors of j.
7
Suppose 4*j = 2*j - 2. List the prime factors of j - ((2 - 3) + -2).
2
Suppose -4*g + 4*w = 12, -w = 4*g - 5 - 8. Suppose -l + g*l + 3*o = 28, -3*l = 4*o - 74. Let m = l - 13. List the prime factors of m.
3
Suppose -6*k + 5*k + 9 = 0. Suppose f + 3*p - k = 3, 5*f + 4*p - 71 = 0. List the prime factors of f.
3, 5
Let b(v) = v - 1. Let u be b(4). Suppose 7 = 5*h - u*i - 3, h = -i + 2. Suppose -6 = -2*n + h. What are the prime factors of n?
2
Let b = 2 - -3. Suppose -3 + b = -v, 5*w = -v + 93. List the prime factors of w.
19
Suppose -3 = w, 4*k - 4*w + 96 - 28 = 0. List the prime factors of (-3 - -3 - k)*1.
2, 5
Let v(q) = 2*q**2 - 16*q + 6. Let l be v(14). Suppose 4*z - 2*s - l = 0, -z - z + 72 = -4*s. List the prime factors of z.
2, 23
Suppose -2*t - 28 = -4*h, -3*h + 20 = -0*h - t. Suppose -u + k = -4, -u + 3*k + 4 = -2*u. What are the prime factors of h*1/(u/3)?
3
Let a(d) be the first derivative of d**4/4 - 5*d**3/3 + 2*d**2 - 6*d - 4. List the prime factors of a(5).
2, 7
Let x(y) = 3*y**2 - 19*y + 11. List the prime factors of x(7).
5
Let o(j) = j**3 + j**2 + j - 1. Let k(g) = 6*g**3 + g**2 - 2*g. Let w(m) = -k(m) + 5*o(m). Let z = 7 - 2. What are the prime factors of w(z)?
5
Suppose -132 = -g - 3*g - t, 4*g + 5*t - 116 = 0. Suppose -4*u = 5*a - g - 44, 3*u + 3*a - 60 = 0. List the prime factors of u.
2, 11
Suppose -4*r - 77 + 309 = 0. List the prime factors of r.
2, 29
Suppose 4*z - b - 24 = -3, -5*b = 5*z - 45. Let w = z - -10. List the prime factors of w.
2
Let s(l) = -4*l**3 + l**2 + 2*l + 1. Let b be s(-